{"id":241,"date":"2014-07-15T10:57:29","date_gmt":"2014-07-15T08:57:29","guid":{"rendered":"http:\/\/www.fizyka.slowacki.edu.pl\/?page_id=241"},"modified":"2014-07-20T16:13:33","modified_gmt":"2014-07-20T14:13:33","slug":"podrecznik-pr","status":"publish","type":"page","link":"https:\/\/fizyka.slowacki.edu.pl\/?page_id=241","title":{"rendered":"Podr\u0119cznik Poziom rozszerzony"},"content":{"rendered":"<p style=\"text-align: center; color: #517fb3; font-size: x-large;\"><b>PODR\u0118CZNIKI I ZBIORY ZADA\u0143<\/b><\/p>\n<table width=\"100%\">\n<tr>\n<td><center><img decoding=\"async\" src=\"podrecznik\/liceum\/okl_podr_fiz_roz_t1.jpg\"><\/center><\/p>\n<p style=\"text-align: left;\"><b>Symbol:<\/b> 168201<br \/><b>ISBN:<\/b> 9788379590148<br \/><b>Typ:<\/b> podr\u0119cznik<br \/><b>No\u015bnik:<\/b> Ksi\u0105\u017cka<br \/><b>Ilo\u015b\u0107 stron:<\/b> 296<br \/><b>Oprawa:<\/b> mi\u0119kka<\/p>\n<p><center><a href=\"podrecznik\/liceum\/spis_tresci_r_t1.pdf\" target=\"0\">Spis tre\u015bci<\/a><br \/><a href=\"podrecznik\/liceum\/fragment_r_t1.pdf\" target=\"0\">Fragment<\/a><\/center>\n<\/td>\n<td><center><img decoding=\"async\" src=\"podrecznik\/liceum\/okl_podr_fiz_roz_t2.jpg\"><\/center><\/p>\n<p style=\"text-align: left;\"><b>Symbol:<\/b> 168203<br \/><b>ISBN:<\/b> 9788379590070<br \/><b>Typ:<\/b> podr\u0119cznik<br \/><b>No\u015bnik:<\/b> Ksi\u0105\u017cka<br \/><b>Ilo\u015b\u0107 stron:<\/b> 448<br \/><b>Numer aprobaty:<\/b>  548\/2\/2013<br \/><b>Oprawa:<\/b> mi\u0119kka<\/p>\n<\/td>\n<\/tr>\n<tr>\n<td><center><img decoding=\"async\" src=\"podrecznik\/liceum\/okl_zb_zad_fiz_roz_t1.jpg\"><\/center><\/p>\n<p style=\"text-align: left;\"><b>Symbol:<\/b> 168202<br \/><b>ISBN:<\/b> 9788379590094<br \/><b>Typ:<\/b> zadania<br \/><b>No\u015bnik:<\/b> Ksi\u0105\u017cka<br \/><b>Ilo\u015b\u0107 stron:<\/b> 104<br \/><b>Oprawa:<\/b> mi\u0119kka<\/p>\n<p><center><a href=\"podrecznik\/liceum\/spis_tresci_zz_r_t1.pdf\" target=\"0\">Spis tre\u015bci<\/a><\/font><br \/><a href=\"podrecznik\/liceum\/fragment_zz_r_t1.pdf\" target=\"0\">Fragment<\/a><\/center><\/td>\n<td><center><img decoding=\"async\" src=\"podrecznik\/liceum\/okl_zb_zad_fiz_roz_t2.jpg\"><\/center><\/p>\n<p style=\"text-align: left;\"><b>Symbol:<\/b> 168204<br \/><b>ISBN:<\/b> 9788379590049<br \/><b>Typ:<\/b> zadania<br \/><b>No\u015bnik:<\/b> Ksi\u0105\u017cka<br \/><b>Ilo\u015b\u0107 stron:<\/b> 168<br \/><b>Oprawa:<\/b> mi\u0119kka<\/p>\n<\/td>\n<\/tr>\n<\/table>\n<p><center><a href=\"podrecznik\/liceum\/progr_nau_roz.pdf\" target=\"0\">Program nauczania<\/a><br \/><a href=\"podrecznik\/liceum\/plan_wyn_roz.pdf\" target=\"0\">Plan wynikowy<\/a><\/center><\/p>\n<hr \/>\n<p style=\"text-align: center; color: #517fb3; font-size: x-large;\"><b>PODR\u0118CZNIKI UZUPE\u0141NIAJ\u0104CE<\/b><\/p>\n<table width=\"100%\">\n<tr>\n<td><img decoding=\"async\" src=\"podrecznik\/liceum\/rhw_t1.jpg\" style=\"float: left; margin: 20px;\" alt=\"David HALLIDAY Robert RESNICK Jearl WALKER TOM 1\"><\/p>\n<p style=\"text-align: center; color: #517fb3; font-size: medium;\"><b>Podstawy fizyki Tom 1<\/b><\/p>\n<p style=\"text-align: justify;\">Pierwsza cz\u0119\u015b\u0107 nowoczesnego, przejrzy\u015bcie napisanego i kompletnego podr\u0119cznika podstaw fizyki, kt\u00f3ry powsta\u0142 na podstawie legendarnej ju\u017c ksi\u0105\u017cki Resnicka i Hallidaya. Zawiera elementy fizyki wsp\u00f3\u0142czesnej &#8211; teorii wzgl\u0119dno\u015bci, mechaniki kwantowej, podstaw fizyki cia\u0142a sta\u0142ego, fizyki j\u0105drowej i cz\u0105stek elementarnych. Przedstawia aktualny stan wiedzy &#8211; zar\u00f3wno w rozdzia\u0142ach zwi\u0105zanych z fizyk\u0105 wsp\u00f3\u0142czesn\u0105, jak i dotycz\u0105cych fizyki klasycznej. Aparat matematyczny ograniczony zosta\u0142 do niezb\u0119dnego minimum. Prezentowany materia\u0142 jest bogato ilustrowany i poparty wieloma przyk\u0142adami. Na ko\u0144cu ka\u017cdego rozdzia\u0142u znajduje si\u0119 podsumowanie om\u00f3wionego materia\u0142u, kt\u00f3remu towarzysz\u0105 pytania i zadania sprawdzaj\u0105ce jego zrozumienie.<\/p>\n<p style=\"text-align: justify;\"><b>Tom 1<\/b> zawiera wiadomo\u015bci z mechaniki klasycznej. Omawia m.in. ruch w jednym, dw\u00f3ch i trzech wymiarach, si\u0142\u0119, energi\u0119, prac\u0119, zderzenia oraz ruch obrotowy.<br \/>Dodatkowym uzupe\u0142nieniem ksi\u0105\u017cki s\u0105: wykazy <i>Niekt\u00f3rych danych astronomicznych, Wsp\u00f3\u0142czynnik\u00f3w zamiany jednostek, Wzor\u00f3w matematycznych, W\u0142a\u015bciwo\u015bci pierwiastk\u00f3w, Wybranych sta\u0142ych fizycznych, Wybranych w\u0142a\u015bciwo\u015bci fizycznych, a tak\u017ce Uk\u0142ad okresowy pierwiastk\u00f3w oraz Skorowidz poj\u0119\u0107.<\/i><\/p>\n<p style=\"text-align: justify;\">Polskie wydanie podr\u0119cznika D. Halliday, R. Resnick, J. Walker Podstawy fizyki stanowi t\u0142umaczenie sz\u00f3stego wydania orygina\u0142u z 2001 roku, kt\u00f3remu towarzyszy obszerny zestaw starannie przygotowanych materia\u0142\u00f3w uzupe\u0142niaj\u0105cych, maj\u0105cych za zadanie u\u0142atwi\u0107 wyk\u0142adowcom i studentom korzystanie z ksi\u0105\u017cki. Strona internetowa: http:\/\/www.wiley.com\/college\/hrw, kt\u00f3rej adres pojawia si\u0119 w przedmowie do polskiego t\u0142umaczenia podr\u0119cznika, jest aktualna, mimo i\u017c ukaza\u0142o si\u0119 ju\u017c si\u00f3dme wydanie ameryka\u0144skie tej publikacji. Czytelnik znajdzie tam na podstronie dotycz\u0105cej <b><i>Fundamentals of Physics, 6th Edition z 2001 r.<\/i><\/b> oryginalne materia\u0142y dodatkowe odpowiadaj\u0105ce polskiej edycji podr\u0119cznika.<\/p>\n<p style=\"text-align: justify;\">Ksi\u0105\u017cka przeznaczona dla student\u00f3w nauk przyrodniczych na uniwersytetach, student\u00f3w fizyki studi\u00f3w licencjackich, nauczycieli fizyki <b>oraz uczni\u00f3w lice\u00f3w klas matematyczno &#8211; fizycznych<\/b>.<\/p>\n<\/td>\n<tr>\n<td><img decoding=\"async\" src=\"podrecznik\/liceum\/rhw_t2.jpg\" style=\"float: left; margin: 20px;\" alt=\"David HALLIDAY Robert RESNICK Jearl WALKER TOM 2\"><\/p>\n<p style=\"text-align: center; color: #517fb3; font-size: medium;\"><b>Podstawy fizyki Tom 2<\/b><\/p>\n<p style=\"text-align: justify;\"><b>Druga cz\u0119\u015b\u0107<\/b> nowoczesnego, przejrzy\u015bcie napisanego i kompletnego podr\u0119cznika podstaw fizyki nareszcie po polsku!<\/p>\n<p style=\"text-align: justify;\">Zawiera elementy fizyki wsp\u00f3\u0142czesnej &#8211; elementy teorii wzgl\u0119dno\u015bci, mechaniki kwantowej, podstawy fizyki cia\u0142a sta\u0142ego, fizyki j\u0105drowej i cz\u0105stek elementarnych. Przedstawia aktualny stan wiedzy &#8211; zar\u00f3wno w rozdzia\u0142ach zwi\u0105zanych z fizyk\u0105 wsp\u00f3\u0142czesn\u0105, jak i dotycz\u0105cych fizyki klasycznej.<\/p>\n<p>&nbsp;<\/p>\n<p>&nbsp;<\/p>\n<p style=\"text-align: justify;\"><b>Tom 2<\/b> prezentuje zagadnienia z nast\u0119puj\u0105cych dziedzin:<\/p>\n<ol style=\"text-align: justify; list-style-type: disc;\">\n<li>mechanika klasyczna<\/li>\n<li>drgania<\/li>\n<li>fale<\/li>\n<li>termodynamika.<\/li>\n<\/ol>\n<p style=\"text-align: justify;\">Aparat matematyczny ograniczony zosta\u0142 do niezb\u0119dnego minimum. Prezentowany materia\u0142 jest bogato ilustrowany kolorowymi, sugestywnymi zdj\u0119cia i rysunkami oraz poparty wieloma przyk\u0142adami. Na ko\u0144cu ka\u017cdego rozdzia\u0142u znajduje si\u0119 podsumowanie om\u00f3wionego materia\u0142u, kt\u00f3remu towarzysz\u0105 pytania i zadania sprawdzaj\u0105ce jego zrozumienie.<\/p>\n<p style=\"text-align: justify;\">Na ko\u0144cu podr\u0119cznika znajduje si\u0119 <b><i>Dodatek<\/i><\/b>, w kt\u00f3rym mo\u017cna znale\u017a\u0107:<\/p>\n<ol style=\"text-align: justify; list-style-type: disc;\">\n<li>Mi\u0119dzynarodowy Uk\u0142ad Jednostek, <\/li>\n<li>podstawowe sta\u0142e fizyczne, <\/li>\n<li>niekt\u00f3re dane astronomiczne <\/li>\n<li>wsp\u00f3\u0142czynniki zamiany jednostek <\/li>\n<li>wzory matematyczne <\/li>\n<li>w\u0142a\u015bciwo\u015bci pierwiastk\u00f3w <\/li>\n<li>uk\u0142ad okresowy pierwiastk\u00f3w <\/li>\n<li>odpowiedzi do sprawdzian\u00f3w oraz pyta\u0144 i zada\u0144. <\/li>\n<\/ol>\n<p style=\"text-align: justify;\">Polskie wydanie podr\u0119cznika D. Halliday, R. Resnick, J. Walker Podstawy fizyki stanowi t\u0142umaczenie sz\u00f3stego wydania orygina\u0142u z 2001 roku, kt\u00f3remu towarzyszy obszerny zestaw starannie przygotowanych materia\u0142\u00f3w uzupe\u0142niaj\u0105cych, maj\u0105cych za zadanie u\u0142atwi\u0107 wyk\u0142adowcom i studentom korzystanie z ksi\u0105\u017cki. Strona internetowa: http:\/\/www.wiley.com\/college\/hrw, kt\u00f3rej adres pojawia si\u0119 w przedmowie do polskiego t\u0142umaczenia podr\u0119cznika, jest aktualna, mimo i\u017c ukaza\u0142o si\u0119 ju\u017c si\u00f3dme wydanie ameryka\u0144skie tej publikacji. Czytelnik znajdzie tam na podstronie dotycz\u0105cej <b><i>Fundamentals of Physics, 6th Edition z 2001 r.<\/i><\/b> oryginalne materia\u0142y dodatkowe odpowiadaj\u0105ce polskiej edycji podr\u0119cznika.<\/p>\n<p style=\"text-align: justify;\">Ksi\u0105\u017cka przeznaczona dla student\u00f3w nauk przyrodniczych na uniwersytetach, student\u00f3w fizyki studi\u00f3w licencjackich, nauczycieli fizyki <b>oraz uczni\u00f3w lice\u00f3w klas matematyczno &#8211; fizycznych<\/b>.<\/p>\n<\/td>\n<\/tr>\n<tr>\n<td><img decoding=\"async\" src=\"podrecznik\/liceum\/rhw_t3.jpg\" align=\"left\" style=\"float: left; margin: 20px;\" alt=\"David HALLIDAY Robert RESNICK Jearl WALKER TOM 3\"><\/p>\n<p style=\"text-align: center; color: #517fb3; font-size: medium;\"><b>Podstawy fizyki Tom 3<\/b><\/p>\n<p style=\"text-align: justify;\"><b>Trzecia cz\u0119\u015b\u0107<\/b> nowoczesnego, przejrzy\u015bcie napisanego i kompletnego podr\u0119cznika podstaw fizyki nareszcie po polsku!<\/p>\n<p style=\"text-align: justify;\">Zawiera elementy fizyki wsp\u00f3\u0142czesnej &#8211; elementy teorii wzgl\u0119dno\u015bci, mechaniki kwantowej, podstawy fizyki cia\u0142a sta\u0142ego, fizyki j\u0105drowej i cz\u0105stek elementarnych. Przedstawia aktualny stan wiedzy &#8211; zar\u00f3wno w rozdzia\u0142ach zwi\u0105zanych z fizyk\u0105 wsp\u00f3\u0142czesn\u0105, jak i dotycz\u0105cych fizyki klasycznej.<\/p>\n<p>&nbsp;<\/p>\n<p>&nbsp;<\/p>\n<p style=\"text-align: justify;\"><b>Tom 3<\/b> prezentuje zagadnienia z nast\u0119puj\u0105cych dziedzin:<\/p>\n<ol style=\"text-align: justify; list-style-type: disc;\">\n<li>elektryczno\u015b\u0107<\/li>\n<li>magnetyzm<\/li>\n<\/ol>\n<p style=\"text-align: justify;\">Aparat matematyczny ograniczony zosta\u0142 do niezb\u0119dnego minimum. Prezentowany materia\u0142 jest bogato ilustrowany kolorowymi, sugestywnymi zdj\u0119cia i rysunkami oraz poparty wieloma przyk\u0142adami. Na ko\u0144cu ka\u017cdego rozdzia\u0142u znajduje si\u0119 podsumowanie om\u00f3wionego materia\u0142u, kt\u00f3remu towarzysz\u0105 pytania i zadania sprawdzaj\u0105ce jego zrozumienie.<\/p>\n<p style=\"text-align: justify;\">Na ko\u0144cu podr\u0119cznika znajduje si\u0119 <b><i>Dodatek<\/i><\/b>, w kt\u00f3rym mo\u017cna znale\u017a\u0107:<\/p>\n<ol style=\"text-align: justify; list-style-type: disc;\">\n<li>Mi\u0119dzynarodowy Uk\u0142ad Jednostek, <\/li>\n<li>podstawowe sta\u0142e fizyczne, <\/li>\n<li>niekt\u00f3re dane astronomiczne <\/li>\n<li>wsp\u00f3\u0142czynniki zamiany jednostek <\/li>\n<li>wzory matematyczne <\/li>\n<li>w\u0142a\u015bciwo\u015bci pierwiastk\u00f3w <\/li>\n<li>uk\u0142ad okresowy pierwiastk\u00f3w <\/li>\n<li>odpowiedzi do sprawdzian\u00f3w oraz pyta\u0144 i zada\u0144. <\/li>\n<\/ol>\n<p style=\"text-align: justify;\">Polskie wydanie podr\u0119cznika D. Halliday, R. Resnick, J. Walker Podstawy fizyki stanowi t\u0142umaczenie sz\u00f3stego wydania orygina\u0142u z 2001 roku, kt\u00f3remu towarzyszy obszerny zestaw starannie przygotowanych materia\u0142\u00f3w uzupe\u0142niaj\u0105cych, maj\u0105cych za zadanie u\u0142atwi\u0107 wyk\u0142adowcom i studentom korzystanie z ksi\u0105\u017cki. Strona internetowa: http:\/\/www.wiley.com\/college\/hrw, kt\u00f3rej adres pojawia si\u0119 w przedmowie do polskiego t\u0142umaczenia podr\u0119cznika, jest aktualna, mimo i\u017c ukaza\u0142o si\u0119 ju\u017c si\u00f3dme wydanie ameryka\u0144skie tej publikacji. Czytelnik znajdzie tam na podstronie dotycz\u0105cej <b><i>Fundamentals of Physics, 6th Edition z 2001 r.<\/i><\/b> oryginalne materia\u0142y dodatkowe odpowiadaj\u0105ce polskiej edycji podr\u0119cznika.<\/p>\n<p style=\"text-align: justify;\">Ksi\u0105\u017cka przeznaczona dla student\u00f3w nauk przyrodniczych na uniwersytetach, student\u00f3w fizyki studi\u00f3w licencjackich, nauczycieli fizyki <b>oraz uczni\u00f3w lice\u00f3w klas matematyczno &#8211; fizycznych<\/b>.<\/p>\n<\/td>\n<\/tr>\n<tr>\n<td><img decoding=\"async\" src=\"podrecznik\/liceum\/rhw_t4.jpg\" align=\"left\" style=\"float: left; margin: 20px;\" alt=\"David HALLIDAY Robert RESNICK Jearl WALKER TOM 4\"><\/p>\n<p style=\"text-align: center; color: #517fb3; font-size: medium;\"><b>Podstawy fizyki Tom 4<\/b><\/p>\n<p style=\"text-align: justify;\"><b>Czwarty tom<\/b> nowoczesnego, 5-tomowego, przejrzy\u015bcie napisanego i kompletnego podr\u0119cznika podstaw fizyki, kt\u00f3ry powsta\u0142 na podstawie legendarnego ju\u017c podr\u0119cznika Resnicka i Hallidaya. Om\u00f3wiono w nim fale elektromagnetyczne, a tak\u017ce zagadnienia z dziedziny optyki i teorii wzgl\u0119dno\u015bci. Wyk\u0142ad jest bogato ilustrowany i poparty wieloma przyk\u0142adami. Na ko\u0144cu ka\u017cdego rozdzia\u0142u znajduje si\u0119 podsumowanie, kt\u00f3remu towarzysz\u0105 pytania i zadania sprawdzaj\u0105ce jego zrozumienie. <\/p>\n<p style=\"text-align: justify;\">Polskie wydanie podr\u0119cznika D. Halliday, R. Resnick, J. Walker Podstawy fizyki stanowi t\u0142umaczenie sz\u00f3stego wydania orygina\u0142u z 2001 roku, kt\u00f3remu towarzyszy obszerny zestaw starannie przygotowanych materia\u0142\u00f3w uzupe\u0142niaj\u0105cych, maj\u0105cych za zadanie u\u0142atwi\u0107 wyk\u0142adowcom i studentom korzystanie z ksi\u0105\u017cki. Strona internetowa: http:\/\/www.wiley.com\/college\/hrw, kt\u00f3rej adres pojawia si\u0119 w przedmowie do polskiego t\u0142umaczenia podr\u0119cznika, jest aktualna, mimo i\u017c ukaza\u0142o si\u0119 ju\u017c si\u00f3dme wydanie ameryka\u0144skie tej publikacji. Czytelnik znajdzie tam na podstronie dotycz\u0105cej <b><i>Fundamentals of Physics, 6th Edition z 2001 r.<\/i><\/b> oryginalne materia\u0142y dodatkowe odpowiadaj\u0105ce polskiej edycji podr\u0119cznika.<\/p>\n<p style=\"text-align: justify;\">Ksi\u0105\u017cka przeznaczona dla student\u00f3w nauk przyrodniczych na uniwersytetach, student\u00f3w fizyki studi\u00f3w licencjackich, nauczycieli fizyki <b>oraz uczni\u00f3w lice\u00f3w klas matematyczno &#8211; fizycznych<\/b>.<\/p>\n<\/td>\n<\/tr>\n<tr>\n<td><img decoding=\"async\" src=\"podrecznik\/liceum\/rhw_t5.jpg\" style=\"float: left; margin: 20px;\" alt=\"David HALLIDAY Robert RESNICK Jearl WALKER TOM 5\"><\/p>\n<p style=\"text-align: center; color: #517fb3; font-size: medium;\"><b>Podstawy fizyki Tom 5<\/b><\/p>\n<p style=\"text-align: justify;\"><b>Pi\u0105ta cz\u0119\u015b\u0107<\/b> nowoczesnego, przejrzy\u015bcie napisanego i kompletnego podr\u0119cznika podstaw fizyki nareszcie po polsku!<\/p>\n<p style=\"text-align: justify;\">Zawiera elementy fizyki wsp\u00f3\u0142czesnej &#8211; elementy teorii wzgl\u0119dno\u015bci, mechaniki kwantowej, podstawy fizyki cia\u0142a sta\u0142ego, fizyki j\u0105drowej i cz\u0105stek elementarnych. Przedstawia aktualny stan wiedzy &#8211; zar\u00f3wno w rozdzia\u0142ach zwi\u0105zanych z fizyk\u0105 wsp\u00f3\u0142czesn\u0105, jak i dotycz\u0105cych fizyki klasycznej. Aparat matematyczny ograniczony zosta\u0142 do niezb\u0119dnego minimum.<\/p>\n<p style=\"text-align: justify;\">Prezentowany materia\u0142 jest bogato ilustrowany kolorowymi, sugestywnymi zdj\u0119ciami i rysunkami oraz poparty wieloma przyk\u0142adami. Na ko\u0144cu ka\u017cdego rozdzia\u0142u znajduje si\u0119 podsumowanie om\u00f3wionego materia\u0142u, kt\u00f3remu towarzysz\u0105 pytania i zadania sprawdzaj\u0105ce jego zrozumienie.<\/p>\n<p style=\"text-align: justify;\">Polskie wydanie podr\u0119cznika D. Halliday, R. Resnick, J. Walker Podstawy fizyki stanowi t\u0142umaczenie sz\u00f3stego wydania orygina\u0142u z 2001 roku, kt\u00f3remu towarzyszy obszerny zestaw starannie przygotowanych materia\u0142\u00f3w uzupe\u0142niaj\u0105cych, maj\u0105cych za zadanie u\u0142atwi\u0107 wyk\u0142adowcom i studentom korzystanie z ksi\u0105\u017cki. Strona internetowa: http:\/\/www.wiley.com\/college\/hrw, kt\u00f3rej adres pojawia si\u0119 w przedmowie do polskiego t\u0142umaczenia podr\u0119cznika, jest aktualna, mimo i\u017c ukaza\u0142o si\u0119 ju\u017c si\u00f3dme wydanie ameryka\u0144skie tej publikacji. Czytelnik znajdzie tam na podstronie dotycz\u0105cej <b><i>Fundamentals of Physics, 6th Edition z 2001 r.<\/i><\/b> oryginalne materia\u0142y dodatkowe odpowiadaj\u0105ce polskiej edycji podr\u0119cznika.<\/p>\n<p style=\"text-align: justify;\">Ksi\u0105\u017cka przeznaczona dla student\u00f3w nauk przyrodniczych na uniwersytetach, student\u00f3w fizyki studi\u00f3w licencjackich, nauczycieli fizyki <b>oraz uczni\u00f3w lice\u00f3w klas matematyczno &#8211; fizycznych<\/b>.<\/p>\n<\/td>\n<\/tr>\n<\/table>\n<hr \/>\n","protected":false},"excerpt":{"rendered":"<p>PODR\u0118CZNIKI I ZBIORY ZADA\u0143 Symbol: 168201ISBN: 9788379590148Typ: podr\u0119cznikNo\u015bnik: Ksi\u0105\u017ckaIlo\u015b\u0107 stron: 296Oprawa: mi\u0119kka Spis tre\u015bciFragment Symbol: 168203ISBN: 9788379590070Typ: podr\u0119cznikNo\u015bnik: Ksi\u0105\u017ckaIlo\u015b\u0107 stron: 448Numer aprobaty: 548\/2\/2013Oprawa: mi\u0119kka Symbol: 168202ISBN: 9788379590094Typ: zadaniaNo\u015bnik: Ksi\u0105\u017ckaIlo\u015b\u0107 stron: 104Oprawa: mi\u0119kka Spis tre\u015bciFragment Symbol: 168204ISBN: 9788379590049Typ: zadaniaNo\u015bnik: Ksi\u0105\u017ckaIlo\u015b\u0107 stron: 168Oprawa: mi\u0119kka Program nauczaniaPlan wynikowy PODR\u0118CZNIKI UZUPE\u0141NIAJ\u0104CE Podstawy fizyki Tom 1 Pierwsza cz\u0119\u015b\u0107 nowoczesnego, przejrzy\u015bcie [&hellip;]<\/p>\n","protected":false},"author":1,"featured_media":0,"parent":0,"menu_order":0,"comment_status":"closed","ping_status":"closed","template":"","meta":{"footnotes":""},"class_list":["post-241","page","type-page","status-publish","hentry"],"_links":{"self":[{"href":"https:\/\/fizyka.slowacki.edu.pl\/index.php?rest_route=\/wp\/v2\/pages\/241","targetHints":{"allow":["GET"]}}],"collection":[{"href":"https:\/\/fizyka.slowacki.edu.pl\/index.php?rest_route=\/wp\/v2\/pages"}],"about":[{"href":"https:\/\/fizyka.slowacki.edu.pl\/index.php?rest_route=\/wp\/v2\/types\/page"}],"author":[{"embeddable":true,"href":"https:\/\/fizyka.slowacki.edu.pl\/index.php?rest_route=\/wp\/v2\/users\/1"}],"replies":[{"embeddable":true,"href":"https:\/\/fizyka.slowacki.edu.pl\/index.php?rest_route=%2Fwp%2Fv2%2Fcomments&post=241"}],"version-history":[{"count":4,"href":"https:\/\/fizyka.slowacki.edu.pl\/index.php?rest_route=\/wp\/v2\/pages\/241\/revisions"}],"predecessor-version":[{"id":560,"href":"https:\/\/fizyka.slowacki.edu.pl\/index.php?rest_route=\/wp\/v2\/pages\/241\/revisions\/560"}],"wp:attachment":[{"href":"https:\/\/fizyka.slowacki.edu.pl\/index.php?rest_route=%2Fwp%2Fv2%2Fmedia&parent=241"}],"curies":[{"name":"wp","href":"https:\/\/api.w.org\/{rel}","templated":true}]}}